9 a composite number?
False
Is 196020263 a composite number?
True
Is 217753423 composite?
True
Is 96734996159 composite?
True
Is 48968701063 composite?
True
Is 1920571531 prime?
False
Is 35804413 a prime number?
True
Is 2306581391 a prime number?
True
Is 868229629 a composite number?
True
Is 110643737 a prime number?
False
Is 2708606879 prime?
False
Is 18858006787 a composite number?
True
Is 1754908534 a prime number?
False
Is 7597820513 prime?
True
Is 68249771 a composite number?
True
Is 42366457853 a composite number?
False
Is 347664649 a composite number?
True
Is 11483248339 prime?
False
Is 5538321583 composite?
False
Is 32969433019 a composite number?
False
Is 158748673 composite?
False
Is 199930399 a prime number?
True
Is 55057467523 prime?
True
Is 1411098853 composite?
True
Is 62851602665 a prime number?
False
Is 49829074723 a prime number?
True
Is 7986450643 prime?
False
Is 2810354399 composite?
False
Is 340528261 composite?
False
Is 2654221681 a composite number?
True
Is 670546501 a prime number?
True
Is 97016593 composite?
False
Is 3304972579 prime?
True
Is 618833042 a composite number?
True
Is 17277349673 a prime number?
True
Is 19652206727 a composite number?
False
Is 1957266257 a prime number?
True
Is 18689278969 a composite number?
False
Is 308756198 a composite number?
True
Is 221533649 a prime number?
True
Is 61824907293 composite?
True
Is 7182363121 a composite number?
False
Is 570524123 composite?
True
Is 9203428163 a prime number?
True
Is 8574751109 a prime number?
True
Is 783772733 composite?
False
Is 19114143779 composite?
False
Is 1764095731 prime?
False
Is 6786619711 a prime number?
True
Is 17716102387 prime?
True
Is 1675279369 a prime number?
False
Is 1057823539 composite?
False
Is 213337867 composite?
False
Is 67914402441 a prime number?
False
Is 27527075215 prime?
False
Is 485829481 composite?
False
Is 423747661 prime?
False
Is 36980008841 a prime number?
False
Is 1579811869 prime?
False
Is 104545066649 composite?
False
Is 3195068255 a prime number?
False
Is 11485668721 a composite number?
False
Is 17406211145 a composite number?
True
Is 910104827 a prime number?
False
Is 5636180281 a composite number?
False
Is 770653897 composite?
True
Is 992256847 a composite number?
False
Is 2636648057 prime?
False
Is 5624512697 a composite number?
False
Is 9825852397 a composite number?
False
Is 606894559 a composite number?
False
Is 102354768601 composite?
False
Is 33305984273 a prime number?
True
Is 16866035941 a prime number?
True
Is 5309082199 composite?
True
Is 36459601781 a prime number?
True
Is 15363155569 composite?
False
Is 1245544523 a composite number?
False
Is 134973617 a composite number?
True
Is 3047801066 a composite number?
True
Is 34953719071 prime?
True
Is 209740771 a composite number?
True
Is 3951416717 a prime number?
True
Is 11257679111 prime?
False
Is 13937697959 a prime number?
True
Is 788045719 prime?
False
Is 6619129901 a composite number?
False
Is 62265691 composite?
False
Is 50909763491 a composite number?
True
Is 63146925019 composite?
True
Is 2882767367 a prime number?
False
Is 53141643041 composite?
True
Is 692936429 a prime number?
False
Is 623133341 composite?
False
Is 6798894433 composite?
True
Is 9681429883 a prime number?
False
Is 998805497 prime?
True
Is 1002483731 a prime number?
False
Is 4178347871 composite?
False
Is 9333656201 a composite number?
False
Is 147407569 prime?
False
Is 1064002417 composite?
True
Is 36767162551 a composite number?
True
Is 2555098879 a prime number?
False
Is 112900981 prime?
True
Is 60850094743 composite?
True
Is 28886402833 a prime number?
False
Is 93645691 prime?
True
Is 607556893 prime?
True
Is 2233141483 a prime number?
True
Is 10550352947 a composite number?
False
Is 14269066999 a composite number?
True
Is 139184138459 composite?
False
Is 2998041637 a composite number?
False
Is 17438712983 composite?
True
Is 63109331653 composite?
False
Is 155322200099 prime?
False
Is 345750293 a prime number?
False
Is 9615586327 prime?
True
Is 28438987 prime?
True
Is 134094547253 a composite number?
False
Is 64948389929 prime?
False
Is 5532906569 a composite number?
False
Is 1725888561 prime?
False
Is 18148453 a composite number?
False
Is 654322219 composite?
True
Is 3283108111 a prime number?
True
Is 78522383077 composite?
False
Is 4677254583 composite?
True
Is 1113639407 a composite number?
False
Is 3084141017 a prime number?
False
Is 2871224845 a composite number?
True
Is 8678573191 composite?
False
Is 12416623103 a composite number?
False
Is 2062935401 prime?
True
Is 2069449169 composite?
False
Is 21569986897 prime?
True
Is 143053663 prime?
True
Is 57689839 composite?
True
Is 17611645 a prime number?
False
Is 4443878977 a composite number?
False
Is 4869680921 a prime number?
False
Is 105567589 a prime number?
True
Is 154460234099 a prime number?
True
Is 218211395217 a prime number?
False
Is 126601443173 a composite number?
False
Is 231572966 a composite number?
True
Is 376671852629 a prime number?
False
Is 554394229 composite?
False
Is 3597592457 a composite number?
False
Is 3102564813 a composite number?
True
Is 1442214721 a composite number?
True
Is 1209297851 a composite number?
False
Is 1054246663 prime?
True
Is 845064763 prime?
False
Is 21085788541 a composite number?
False
Is 172647153935 a composite number?
True
Is 1300021469 a composite number?
False
Is 54078839 prime?
False
Is 4619440321 a prime number?
False
Is 214941009 a composite number?
True
Is 50165324657 a prime number?
False
Is 13586401327 a prime number?
False
Is 7321229 a composite number?
True
Is 1379365409 a prime number?
True
Is 44313173 composite?
False
Is 4996092667 a prime number?
True
Is 4780827631 a prime number?
True
Is 1444455823 composite?
False
Is 53165531 a composite number?
False
Is 8421792499 composite?
False
Is 26411979017 a composite number?
False
Is 77676439 a composite number?
True
Is 3193625671 composite?
False
Is 122477404559 prime?
True
Is 362061315895 a prime number?
False
Is 149472433951 a prime number?
True
Is 79470641009 prime?
False
Is 6170670089 a composite number?
True
Is 1268130443 a prime number?
True
Is 180904627 a composite number?
True
Is 7129499263 a prime number?
True
Is 24804596503 prime?
True
Is 198384663 composite?
True
Is 9980059057 a prime number?
True
Is 212053151 composite?
False
Is 1345456117 a composite number?
False
Is 16783192211 prime?
False
Is 2009718547 prime?
False
Is 12595881217 a composite number?
False
Is 1199321437 composite?
False
Is 12181418237 composite?
False
Is 3923698145 composite?
True
Is 18889924247 composite?
True
Is 6438461 composite?
True
Is 16730963005 a prime number?
False
Is 6107306897 a prime number?
False
Is 8790051791 prime?
False
Is 2752185593 a composite number?
False
Is 545682947 prime?
False
Is 64290867161 prime?
True
Is 8593366783 prime?
True
Is 481000697 composite?
False
Is 64971571946 composite?
True
Is 106647347705 prime?
False
Is 38000421071 a prime number?
True
Is 28332869485 a prime number?
False
Is 302073833 prime?
False
Is 13470311111 prime?
True
Is 8342252759 a prime number?
False
Is 20466241 prime?
False
Is 9021430639 a prime number?
False
Is 48820344457 a composite number?
False
Is 22980305939 composite?
False
Is 3454039333 a composite number?
False
Is 4706280773 a composite number?
True
Is 434691883 a prime number?
True
Is 252012317 prime?
True
Is 24467364583 prime?
False
Is 24259983443 composite?
False
Is 1537166273 a prime number?
False
Is 53295209971 prime?
True
Is 85444285523 prime?
True
Is 24867006413 composite?
False
Is 2726711213 composite?
False
Is 38173832717 prime?
True
Is 2232453257 a composite number?
False
Is 18253638791 a composite number?
False
Is 2881218433 a prime number?
True
Is 688049 composite?
True
Is 2081984981 prime?
True
Is 405504629 a composite number?
True
Is 32956715417 composite?
True
Is 18783748681 a composite number?
True
Is 2238740291 prime?
False
Is 2838333679 composite?
False
Is 426318439 a prime number?
False
Is 562275557 a composite number?
True
Is 10558878581 composite?
False
Is 60467133209 a composite number?
True
Is 210214453 prime?
False
Is 29961262741 a prime number?
True
Is 3881277539 a composite number?
True
Is 40281723457 prime?
False
Is 20878688626 a prime number?
Fals